{"id":172,"date":"2023-03-21T23:35:52","date_gmt":"2023-03-21T23:35:52","guid":{"rendered":"https:\/\/cirsl.unipd.it\/?page_id=172"},"modified":"2023-03-25T10:13:11","modified_gmt":"2023-03-25T10:13:11","slug":"nuova-homepage","status":"publish","type":"page","link":"https:\/\/cirsl.unipd.it\/","title":{"rendered":"Homepage"},"content":{"rendered":"<div id=\"dslc-theme-content\"><div id=\"dslc-theme-content-inner\"><p>Il Centro Interdipartimentale di Ricerca Studi Liviani (CIRSL) nasce nel 2014 all\u2019Universit\u00e0 di Padova, dalla collaborazione fra il <a href=\"https:\/\/www.dissgea.unipd.it\/\">Dipartimento di Scienze Storiche, Geografiche e dell\u2019Antichit\u00e0<\/a>, il <a href=\"https:\/\/www.disll.unipd.it\/\">Dipartimento di Studi Linguistici e Letterari<\/a>, e il <a href=\"https:\/\/www.beniculturali.unipd.it\/www\/homepage\/\">Dipartimento di Beni Culturali<\/a>.<\/p>\n<p>Principale obiettivo del centro \u00e8 la promozione di progetti di ricerca incentrati sulla figura e l\u2019opera di Tito Livio (59 a.C. \u2013 17 d. C.), uno tra i massimi storici della letteratura latina nato e morto a Padova. La sua opera, gli <em>Ab Urbe condita libri<\/em>, rappresentano una delle pi\u00f9 fulgide ed emblematiche opere letterarie dell\u2019Et\u00e0 Augustea, il prodotto della temperie culturale, politica e artistica di un\u2019intera epoca.<\/p>\n<p>Il monumento storiografico di Livio costituisce cos\u00ec uno dei terreni di indagine pi\u00f9 fertili che la classicit\u00e0 abbia consegnato allo studio del mondo antico, nelle sue molteplici dimensioni, letterarie, storiche, ma anche artistiche e iconografiche, giungendo a influenzare la storia culturale dell\u2019Europa medievale e moderna.<\/p>\n<p>La complessit\u00e0 di un tale fenomeno culturale non pu\u00f2 che richiedere la collaborazione di un ampio spettro di competenze scientifiche. Per questo motivo il Centro Studi Liviani nasce innanzitutto come progetto multidisciplinare, nel quale si trovano riuniti studiosi di differenti aree del sapere umanistico.<\/p>\n<p>Le ricerche portate avanti dal Centro Studi Liviani spaziano in diversi ambiti da quello pi\u00f9 propriamente accademico-scientifico, fino alla formazione scolastica e alla divulgazione, nell&#8217;ottica della valorizzazione di un patrimonio culturale condiviso.<\/p>\n<div id=\"attachment_40\" style=\"width: 250px\" class=\"wp-caption alignnone\"><img loading=\"lazy\" decoding=\"async\" aria-describedby=\"caption-attachment-40\" class=\"wp-image-40 size-medium\" title=\"Tito Livio di Arturo Martini\" src=\"https:\/\/cirsl.unipd.it\/wp-content\/uploads\/2023\/03\/Tito-Livio-Marini-240x300.jpg\" alt=\"La statua di Tito Livio di Arturo Martini nell'atrio di Palazzo Liviano\" width=\"240\" height=\"300\" srcset=\"https:\/\/cirsl.unipd.it\/wp-content\/uploads\/2023\/03\/Tito-Livio-Marini-240x300.jpg 240w, https:\/\/cirsl.unipd.it\/wp-content\/uploads\/2023\/03\/Tito-Livio-Marini-819x1024.jpg 819w, https:\/\/cirsl.unipd.it\/wp-content\/uploads\/2023\/03\/Tito-Livio-Marini-768x960.jpg 768w, https:\/\/cirsl.unipd.it\/wp-content\/uploads\/2023\/03\/Tito-Livio-Marini-1229x1536.jpg 1229w, https:\/\/cirsl.unipd.it\/wp-content\/uploads\/2023\/03\/Tito-Livio-Marini.jpg 1638w\" sizes=\"auto, (max-width: 240px) 100vw, 240px\" \/><p id=\"caption-attachment-40\" class=\"wp-caption-text\">La statua di Tito Livio di Arturo Martini nell&#8217;atrio di Palazzo Liviano<\/p><\/div>\n<\/div><\/div>","protected":false},"excerpt":{"rendered":"<p>Il Centro Interdipartimentale di Ricerca Studi Liviani (CIRSL) nasce nel 2014 all\u2019Universit\u00e0 di Padova, dalla collaborazione fra il Dipartimento di Scienze Storiche, Geografiche e dell\u2019Antichit\u00e0, il Dipartimento di Studi Linguistici e Letterari, e il Dipartimento di Beni Culturali. Principale obiettivo del centro \u00e8 la promozione di progetti di ricerca incentrati sulla figura e l\u2019opera di [&hellip;]<\/p>\n","protected":false},"author":2,"featured_media":0,"parent":0,"menu_order":0,"comment_status":"closed","ping_status":"closed","template":"","meta":{"footnotes":""},"class_list":["post-172","page","type-page","status-publish","hentry"],"yoast_head":"<!-- This site is optimized with the Yoast SEO plugin v25.3.1 - https:\/\/yoast.com\/wordpress\/plugins\/seo\/ -->\n<title>Homepage - Centro Studi Liviani<\/title>\n<meta name=\"description\" content=\"Il Centro Studi Liviani dell&#039;Universit\u00e0 di Padova promuove e valorizza progetti di ricerca incentrati sulla figura e l&#039;opera di Tito Livio.\" \/>\n<meta name=\"robots\" content=\"index, follow, max-snippet:-1, max-image-preview:large, max-video-preview:-1\" \/>\n<link rel=\"canonical\" href=\"https:\/\/cirsl.unipd.it\/\" \/>\n<meta property=\"og:locale\" content=\"it_IT\" \/>\n<meta property=\"og:type\" content=\"article\" \/>\n<meta property=\"og:title\" content=\"Homepage - Centro Studi Liviani\" \/>\n<meta property=\"og:description\" content=\"Il Centro Studi Liviani dell&#039;Universit\u00e0 di Padova promuove e valorizza progetti di ricerca incentrati sulla figura e l&#039;opera di Tito Livio.\" \/>\n<meta property=\"og:url\" content=\"https:\/\/cirsl.unipd.it\/\" \/>\n<meta property=\"og:site_name\" content=\"Centro Studi Liviani\" \/>\n<meta property=\"article:modified_time\" content=\"2023-03-25T10:13:11+00:00\" \/>\n<meta property=\"og:image\" content=\"https:\/\/cirsl.unipd.it\/wp-content\/uploads\/2023\/03\/Tito-Livio-Marini-240x300.jpg\" \/>\n<meta name=\"twitter:card\" content=\"summary_large_image\" \/>\n<meta name=\"twitter:label1\" content=\"Tempo di lettura stimato\" \/>\n\t<meta name=\"twitter:data1\" content=\"2 minuti\" \/>\n<script type=\"application\/ld+json\" class=\"yoast-schema-graph\">{\"@context\":\"https:\/\/schema.org\",\"@graph\":[{\"@type\":\"WebPage\",\"@id\":\"https:\/\/cirsl.unipd.it\/\",\"url\":\"https:\/\/cirsl.unipd.it\/\",\"name\":\"Homepage - Centro Studi Liviani\",\"isPartOf\":{\"@id\":\"https:\/\/cirsl.unipd.it\/#website\"},\"primaryImageOfPage\":{\"@id\":\"https:\/\/cirsl.unipd.it\/#primaryimage\"},\"image\":{\"@id\":\"https:\/\/cirsl.unipd.it\/#primaryimage\"},\"thumbnailUrl\":\"https:\/\/cirsl.unipd.it\/wp-content\/uploads\/2023\/03\/Tito-Livio-Marini-240x300.jpg\",\"datePublished\":\"2023-03-21T23:35:52+00:00\",\"dateModified\":\"2023-03-25T10:13:11+00:00\",\"description\":\"Il Centro Studi Liviani dell'Universit\u00e0 di Padova promuove e valorizza progetti di ricerca incentrati sulla figura e l'opera di Tito Livio.\",\"breadcrumb\":{\"@id\":\"https:\/\/cirsl.unipd.it\/#breadcrumb\"},\"inLanguage\":\"it-IT\",\"potentialAction\":[{\"@type\":\"ReadAction\",\"target\":[\"https:\/\/cirsl.unipd.it\/\"]}]},{\"@type\":\"ImageObject\",\"inLanguage\":\"it-IT\",\"@id\":\"https:\/\/cirsl.unipd.it\/#primaryimage\",\"url\":\"https:\/\/cirsl.unipd.it\/wp-content\/uploads\/2023\/03\/Tito-Livio-Marini.jpg\",\"contentUrl\":\"https:\/\/cirsl.unipd.it\/wp-content\/uploads\/2023\/03\/Tito-Livio-Marini.jpg\",\"width\":1638,\"height\":2048},{\"@type\":\"BreadcrumbList\",\"@id\":\"https:\/\/cirsl.unipd.it\/#breadcrumb\",\"itemListElement\":[{\"@type\":\"ListItem\",\"position\":1,\"name\":\"Home\",\"item\":\"https:\/\/cirsl.unipd.it\/\"},{\"@type\":\"ListItem\",\"position\":2,\"name\":\"Homepage\"}]},{\"@type\":\"WebSite\",\"@id\":\"https:\/\/cirsl.unipd.it\/#website\",\"url\":\"https:\/\/cirsl.unipd.it\/\",\"name\":\"Centro Studi Liviani\",\"description\":\"centro interdipartimentale di ricerca\",\"publisher\":{\"@id\":\"https:\/\/cirsl.unipd.it\/#organization\"},\"potentialAction\":[{\"@type\":\"SearchAction\",\"target\":{\"@type\":\"EntryPoint\",\"urlTemplate\":\"https:\/\/cirsl.unipd.it\/?s={search_term_string}\"},\"query-input\":{\"@type\":\"PropertyValueSpecification\",\"valueRequired\":true,\"valueName\":\"search_term_string\"}}],\"inLanguage\":\"it-IT\"},{\"@type\":\"Organization\",\"@id\":\"https:\/\/cirsl.unipd.it\/#organization\",\"name\":\"Centro Studi Liviani\",\"url\":\"https:\/\/cirsl.unipd.it\/\",\"logo\":{\"@type\":\"ImageObject\",\"inLanguage\":\"it-IT\",\"@id\":\"https:\/\/cirsl.unipd.it\/#\/schema\/logo\/image\/\",\"url\":\"https:\/\/cirsl.unipd.it\/wp-content\/uploads\/2023\/03\/cropped-LogoCIRSLTras2-copia-1.png\",\"contentUrl\":\"https:\/\/cirsl.unipd.it\/wp-content\/uploads\/2023\/03\/cropped-LogoCIRSLTras2-copia-1.png\",\"width\":80,\"height\":80,\"caption\":\"Centro Studi Liviani\"},\"image\":{\"@id\":\"https:\/\/cirsl.unipd.it\/#\/schema\/logo\/image\/\"}}]}<\/script>\n<!-- \/ Yoast SEO plugin. -->","yoast_head_json":{"title":"Homepage - Centro Studi Liviani","description":"Il Centro Studi Liviani dell'Universit\u00e0 di Padova promuove e valorizza progetti di ricerca incentrati sulla figura e l'opera di Tito Livio.","robots":{"index":"index","follow":"follow","max-snippet":"max-snippet:-1","max-image-preview":"max-image-preview:large","max-video-preview":"max-video-preview:-1"},"canonical":"https:\/\/cirsl.unipd.it\/","og_locale":"it_IT","og_type":"article","og_title":"Homepage - Centro Studi Liviani","og_description":"Il Centro Studi Liviani dell'Universit\u00e0 di Padova promuove e valorizza progetti di ricerca incentrati sulla figura e l'opera di Tito Livio.","og_url":"https:\/\/cirsl.unipd.it\/","og_site_name":"Centro Studi Liviani","article_modified_time":"2023-03-25T10:13:11+00:00","og_image":[{"url":"https:\/\/cirsl.unipd.it\/wp-content\/uploads\/2023\/03\/Tito-Livio-Marini-240x300.jpg","type":"","width":"","height":""}],"twitter_card":"summary_large_image","twitter_misc":{"Tempo di lettura stimato":"2 minuti"},"schema":{"@context":"https:\/\/schema.org","@graph":[{"@type":"WebPage","@id":"https:\/\/cirsl.unipd.it\/","url":"https:\/\/cirsl.unipd.it\/","name":"Homepage - Centro Studi Liviani","isPartOf":{"@id":"https:\/\/cirsl.unipd.it\/#website"},"primaryImageOfPage":{"@id":"https:\/\/cirsl.unipd.it\/#primaryimage"},"image":{"@id":"https:\/\/cirsl.unipd.it\/#primaryimage"},"thumbnailUrl":"https:\/\/cirsl.unipd.it\/wp-content\/uploads\/2023\/03\/Tito-Livio-Marini-240x300.jpg","datePublished":"2023-03-21T23:35:52+00:00","dateModified":"2023-03-25T10:13:11+00:00","description":"Il Centro Studi Liviani dell'Universit\u00e0 di Padova promuove e valorizza progetti di ricerca incentrati sulla figura e l'opera di Tito Livio.","breadcrumb":{"@id":"https:\/\/cirsl.unipd.it\/#breadcrumb"},"inLanguage":"it-IT","potentialAction":[{"@type":"ReadAction","target":["https:\/\/cirsl.unipd.it\/"]}]},{"@type":"ImageObject","inLanguage":"it-IT","@id":"https:\/\/cirsl.unipd.it\/#primaryimage","url":"https:\/\/cirsl.unipd.it\/wp-content\/uploads\/2023\/03\/Tito-Livio-Marini.jpg","contentUrl":"https:\/\/cirsl.unipd.it\/wp-content\/uploads\/2023\/03\/Tito-Livio-Marini.jpg","width":1638,"height":2048},{"@type":"BreadcrumbList","@id":"https:\/\/cirsl.unipd.it\/#breadcrumb","itemListElement":[{"@type":"ListItem","position":1,"name":"Home","item":"https:\/\/cirsl.unipd.it\/"},{"@type":"ListItem","position":2,"name":"Homepage"}]},{"@type":"WebSite","@id":"https:\/\/cirsl.unipd.it\/#website","url":"https:\/\/cirsl.unipd.it\/","name":"Centro Studi Liviani","description":"centro interdipartimentale di ricerca","publisher":{"@id":"https:\/\/cirsl.unipd.it\/#organization"},"potentialAction":[{"@type":"SearchAction","target":{"@type":"EntryPoint","urlTemplate":"https:\/\/cirsl.unipd.it\/?s={search_term_string}"},"query-input":{"@type":"PropertyValueSpecification","valueRequired":true,"valueName":"search_term_string"}}],"inLanguage":"it-IT"},{"@type":"Organization","@id":"https:\/\/cirsl.unipd.it\/#organization","name":"Centro Studi Liviani","url":"https:\/\/cirsl.unipd.it\/","logo":{"@type":"ImageObject","inLanguage":"it-IT","@id":"https:\/\/cirsl.unipd.it\/#\/schema\/logo\/image\/","url":"https:\/\/cirsl.unipd.it\/wp-content\/uploads\/2023\/03\/cropped-LogoCIRSLTras2-copia-1.png","contentUrl":"https:\/\/cirsl.unipd.it\/wp-content\/uploads\/2023\/03\/cropped-LogoCIRSLTras2-copia-1.png","width":80,"height":80,"caption":"Centro Studi Liviani"},"image":{"@id":"https:\/\/cirsl.unipd.it\/#\/schema\/logo\/image\/"}}]}},"_links":{"self":[{"href":"https:\/\/cirsl.unipd.it\/index.php\/wp-json\/wp\/v2\/pages\/172","targetHints":{"allow":["GET"]}}],"collection":[{"href":"https:\/\/cirsl.unipd.it\/index.php\/wp-json\/wp\/v2\/pages"}],"about":[{"href":"https:\/\/cirsl.unipd.it\/index.php\/wp-json\/wp\/v2\/types\/page"}],"author":[{"embeddable":true,"href":"https:\/\/cirsl.unipd.it\/index.php\/wp-json\/wp\/v2\/users\/2"}],"replies":[{"embeddable":true,"href":"https:\/\/cirsl.unipd.it\/index.php\/wp-json\/wp\/v2\/comments?post=172"}],"version-history":[{"count":3,"href":"https:\/\/cirsl.unipd.it\/index.php\/wp-json\/wp\/v2\/pages\/172\/revisions"}],"predecessor-version":[{"id":229,"href":"https:\/\/cirsl.unipd.it\/index.php\/wp-json\/wp\/v2\/pages\/172\/revisions\/229"}],"wp:attachment":[{"href":"https:\/\/cirsl.unipd.it\/index.php\/wp-json\/wp\/v2\/media?parent=172"}],"curies":[{"name":"wp","href":"https:\/\/api.w.org\/{rel}","templated":true}]}}